{"id":1920,"date":"2024-09-04T09:57:00","date_gmt":"2024-09-04T09:57:00","guid":{"rendered":"https:\/\/mueblesvalles.com\/producto\/alsie\/"},"modified":"2024-09-04T09:57:00","modified_gmt":"2024-09-04T09:57:00","slug":"alsie","status":"publish","type":"product","link":"https:\/\/mueblesvalles.com\/de\/producto\/alsie\/","title":{"rendered":"Alsie"},"content":{"rendered":"<div id=\"productDetails\" class=\"technicalinfo-title\">\u00dcber das Produkt<\/div>\n<ul class=\"bullet-points\">\n<li class=\"bullet-points__item\">Struktur aus massivem Birkenholz mit Lackierung.<\/li>\n<li class=\"bullet-points__item\">Handgefertigter Rattansitz, der jedes St\u00fcck noch authentischer macht.<\/li>\n<li class=\"bullet-points__item\">Dank des massiven Birkenholzes und des Rattans ist jedes St\u00fcck einzigartig und unwiederholbar, mit den f\u00fcr diese nat\u00fcrlichen Materialien typischen Farbt\u00f6nen.<\/li>\n<li class=\"bullet-points__item\">Kave Cares Design: Die Herkunft des Holzes stammt aus nachhaltigen und kontrollierten W\u00e4ldern f\u00fcr verantwortungsvolle Abholzung.<\/li>\n<li class=\"bullet-points__item\">Beinsch\u00fctzer aus Kunststoff zur Vermeidung von Sch\u00e4den und Kratzern auf dem Boden.<\/li>\n<\/ul>\n","protected":false},"excerpt":{"rendered":"<div class=\"product-summary\">\n<p class=\"product-summary__title\">Alsie Stuhl aus schwarz lackiertem massivem Birkenholz und Rattansitz<\/p>\n<div id=\"wishlist-heart\" class=\"product-summary__wishlist-heart\" data-sku=\"C417M01\" data-title=\"Silla Alsie de madera maciza de abedul lacado negro y asiento de rat\u00e1n\" data-title-en=\"Alsie chair in solid birch wood with black lacquer and rattan seat\" data-total-price=\"145.00\" data-sales-units=\"1\"><\/div>\n<\/div>\n<div id=\"product-review-container\" class=\"product-review-container\" data-sku=\"C417M01\">\n<div class=\"rating__container\"><\/div>\n<\/div>\n","protected":false},"featured_media":1921,"comment_status":"open","ping_status":"closed","template":"","meta":{"_joinchat":[]},"product_brand":[],"product_cat":[78],"product_tag":[],"class_list":{"0":"post-1920","1":"product","2":"type-product","3":"status-publish","4":"has-post-thumbnail","6":"product_cat-stuhle","8":"first","9":"instock","10":"shipping-taxable","11":"product-type-simple"},"_links":{"self":[{"href":"https:\/\/mueblesvalles.com\/de\/wp-json\/wp\/v2\/product\/1920","targetHints":{"allow":["GET"]}}],"collection":[{"href":"https:\/\/mueblesvalles.com\/de\/wp-json\/wp\/v2\/product"}],"about":[{"href":"https:\/\/mueblesvalles.com\/de\/wp-json\/wp\/v2\/types\/product"}],"replies":[{"embeddable":true,"href":"https:\/\/mueblesvalles.com\/de\/wp-json\/wp\/v2\/comments?post=1920"}],"wp:featuredmedia":[{"embeddable":true,"href":"https:\/\/mueblesvalles.com\/de\/wp-json\/wp\/v2\/media\/1921"}],"wp:attachment":[{"href":"https:\/\/mueblesvalles.com\/de\/wp-json\/wp\/v2\/media?parent=1920"}],"wp:term":[{"taxonomy":"product_brand","embeddable":true,"href":"https:\/\/mueblesvalles.com\/de\/wp-json\/wp\/v2\/product_brand?post=1920"},{"taxonomy":"product_cat","embeddable":true,"href":"https:\/\/mueblesvalles.com\/de\/wp-json\/wp\/v2\/product_cat?post=1920"},{"taxonomy":"product_tag","embeddable":true,"href":"https:\/\/mueblesvalles.com\/de\/wp-json\/wp\/v2\/product_tag?post=1920"}],"curies":[{"name":"wp","href":"https:\/\/api.w.org\/{rel}","templated":true}]}}

<div id="productDetails" class="technicalinfo-title">Über das Produkt</div>
<ul class="bullet-points">
<li class="bullet-points__item">Struktur aus massivem Birkenholz mit Lackierung.</li>
<li class="bullet-points__item">Handgefertigter Rattansitz, der jedes Stück noch authentischer macht.</li>
<li class="bullet-points__item">Dank des massiven Birkenholzes und des Rattans ist jedes Stück einzigartig und unwiederholbar, mit den für diese natürlichen Materialien typischen Farbtönen.</li>
<li class="bullet-points__item">Kave Cares Design: Die Herkunft des Holzes stammt aus nachhaltigen und kontrollierten Wäldern für verantwortungsvolle Abholzung.</li>
<li class="bullet-points__item">Beinschützer aus Kunststoff zur Vermeidung von Schäden und Kratzern auf dem Boden.</li>
</ul>

<div class="product-summary">
<p class="product-summary__title">Alsie Stuhl aus schwarz lackiertem massivem Birkenholz und Rattansitz</p>
<div id="wishlist-heart" class="product-summary__wishlist-heart" data-sku="C417M01" data-title="Silla Alsie de madera maciza de abedul lacado negro y asiento de ratán" data-title-en="Alsie chair in solid birch wood with black lacquer and rattan seat" data-total-price="145.00" data-sales-units="1"></div>
</div>
<div id="product-review-container" class="product-review-container" data-sku="C417M01">
<div class="rating__container"></div>
</div>
